lue of 1 - (-1 + -1) - (-17 - -25)?
-5
Evaluate -5 - (-24 + 8 - -5).
6
What is the value of 0 + -3 + 136 + -136?
-3
What is (0 - 1) + (7 - 4)?
2
7 + (40 - 46 - (1 - 11))
11
-14 + -1 + 2 + 3 + 3
-7
Evaluate (-1 + -1 - (-7 - -8)) + -1.
-4
4 + (-16 - (3 - 11))
-4
What is (3 + 0 - (3 - 0)) + 3?
3
What is the value of 1 + -6 + 0 + 2?
-3
(2 - 2) + 5 + -4
1
What is the value of -4 + (-4 - -10) + -5 + -1?
-4
What is the value of -7 + 3 + 6 + -7 + 7?
2
Evaluate 3 + 2 + -5 - -1.
1
What is the value of 3 + 5 + 2 - 6?
4
What is (4 - -3) + -20 - -8?
-5
What is (-6 - 0) + 0 - (-966 + 958)?
2
Calculate 2 - (4 - -1 - (-14 - -18)).
1
(1 - 0) + -6 - (31 + -33)
-3
Evaluate (-10 - -6) + (4 - 3 - -1).
-2
(11 + -2 - 3) + -1
5
Calculate -6 + 9 + (0 - -2) + -5.
0
What is the value of (0 + -6 - 2) + -31 + 47?
8
What is 3 + 10 + -7 + (1 - 11)?
-4
Calculate -6 + 5 + (-4 - -4) + 5.
4
15 + -8 - (-4 + 9)
2
What is 1 + -6 - (-13 - -3)?
5
Calculate (1 - (9 + -1)) + (50 - 52).
-9
What is 1 - (3 - (0 + -1 - -8))?
5
What is -9 + (6 - (3 - 5)) + -5?
-6
What is 3 - 7 - -1 - -9?
6
Evaluate (9 - 19) + 3 + 9.
2
Evaluate -5 - (-1 + 10 + -5 - 1).
-8
-3 + -1 + 2 + 2
0
What is (0 - (-2 - 5)) + -12?
-5
Calculate 15 + -7 - (-7 + 6).
9
Evaluate 3 + (1 - (1 + 0)) + -1.
2
Calculate -9 + 7 + (-5 - -3).
-4
Evaluate -10 + (1 - (-9 + -3)).
3
Evaluate -2 + 0 + (6 - 7).
-3
(8 - (6 - (-2 - -4))) + -1
3
(8 - 7) + (2 - -1) + -1
3
What is the value of 3 - (0 + -3 - (-3 + -3))?
0
5 - (-11 + 3 - -18)
-5
Calculate (14 - -1) + (-32 - -25).
8
Evaluate -5 - (-3 + 1) - (3 - 2).
-4
Evaluate 1 - (-2 - -9) - (2 - 5).
-3
(15 - 4) + -13 - 4
-6
What is the value of 20 + (-13 - 4) - (0 + -2)?
5
What is 17 + -4 + -28 + 6?
-9
What is -6 + 3 + 5 + -3?
-1
What is -1 + -2 - ((4 - 8) + 5)?
-4
Calculate 3 + 5 - (-18 + 22).
4
What is the value of 10 + (7 - ((-5 - -4) + 12))?
6
What is the value of 12 + -9 + (-6 - 1) - -1?
-3
Evaluate -8 - (3 - 7) - (1 - 1).
-4
What is the value of -10 - -10 - (-3 + 1)?
2
What is 7 + -2 + -2 - (4 + 2)?
-3
Calculate 9 + (7 + -8 - 9).
-1
Calculate 2 + (4 + (-5 - 1) - -4).
4
Evaluate 0 + 0 + -3 + -1 - -4.
0
Evaluate (7 + 7 + -14 - 8) + -1.
-9
6 + (3 - (2 - -4 - -2))
1
What is the value of -4 + (1 - -2) + 5?
4
Evaluate -129 + 124 + (1 + -3 - -13).
6
What is the value of 6 - 0 - 4 - (-3 + 2)?
3
Evaluate -3 + -2 - 5 - (3 - 7).
-6
Evaluate 7 - ((0 - 1) + (1 - -2)).
5
(-5 - 3) + 16 + -1
7
Evaluate (3 - -4) + -7 - -4.
4
Calculate -2 - (-3 + -2 + 2).
1
What is the value of 2 + -7 + 1 + -15 + 15?
-4
What is -1 + (-2 + -1 + 2 - -5)?
3
Evaluate 2 + -4 + (3 - -2).
3
What is the value of 4 - (-3 - (-1 + -5)) - 6?
-5
-2 + 2 - (21 - 24)
3
Calculate 2 + 6 - (-29 + 33).
4
Calculate -6 + 1 + 2 + (13 - 7).
3
(7 - (9 - 6)) + -2 + -4
-2
What is -6 + (5 - (10 + -3 - 3))?
-5
Evaluate 6 - 3 - (-2 - -3 - -1).
1
Evaluate 1 + -1 - (0 + 2).
-2
-4 + (0 - 0) + (4 - 1)
-1
Evaluate -1 + 7 + -7 - 0.
-1
What is (0 - -3) + -32 + 34 - -1?
6
What is (-7 - -6) + 1 - 5?
-5
What is (3 - (7 - -2) - 1) + 16?
9
Evaluate (10 - (-2 + 4) - -1) + -4.
5
What is 3 - 12 - ((-4 - -2) + 1)?
-8
5 + 0 + 0 + -4
1
What is -11 - (2 - (2 + 5)) - 1?
-7
Calculate (2 - (6 + -4)) + (3 - 0).
3
27 + -19 - (2 + (-2 - 0))
8
What is the value of -5 + 10 - (1 + 0)?
4
What is (43 - 41) + (3 - -2)?
7
Evaluate (-13 - -23) + 3 + -19.
-6
Evaluate 6 - 0 - 10 - 0.
-4
What is -20 + 15 + 2 + -3 + 4?
-2
What is 8 - (7 - (-3 - -3 - -4))?
5
What is the value of 7 - (2 + (4 - (0 - -1)))?
2
Evaluate -4 + (3 - 8 - -5).
-4
What is the value of 1 - (-4 + 1) - 5?
-1
Evaluate -8 + (-4 - (-3 - 2)).
-7
-4 + -5 - (-15 + 10)
-4
What is the value of (9 - (-6 - -7)) + -15?
-7
What is -1 + -4 + (-6 - -10)?
-1
9 - 9 - (2 - 7)
5
What is the value of (0 - -6) + 6 + (2 - 12)?
2
Evaluate -2 - (1 - -2 - 7).
2
Evaluate 2 - -5 - (18 + 6 + -7).
-10
What is the value of 0 + -12 - (-17 - (6 + -17))?
-6
Evaluate 4 + -6 - (15 - 17).
0
What is the value of (5 - 1) + -8 - -2?
-2
Evaluate 8 - (0 - -1) - (-116 + 118).
5
What is the value of 4 + 2 + 3 + -3 + -10?
-4
Calculate -5 + (-1 - -3) + -1.
-4
Evaluate 3 + 0 - (19 - 17).
1
10 + -5 + -9 - (-5 - 1)
2
Evaluate -1 + (-2 - -1) + 0.
-2
Calculate -2 - 4 - (3 + -4).
-5
7 + (-6 - (-2 + 5 + -4))
2
What is the value of -1 + 1 + -1 + 10?
9
Calculate 3 + -13 + 6 + 1.
-3
6 + (-1 - 6 - -2)
1
What is the value of (4 - (0 + -1)) + -6?
-1
(16 + -4 - 8) + -6
-2
(0 - 11) + (151 - 148)
-8
Calculate -3 + (-2 - -2 - (-7 + 5)).
-1
What is the value of 1 + (-2 - -1) + 30 + -26?
4
1 - -4 - (-72 + 81)
-4
Calculate 35 + -29 - (-1 - -2).
5
Calculate -8 + (0 - 0 - -4).
-4
Calculate 2 - ((2 - (0 - -2)) + 0).
2
What is (0 - 6) + (-17 - -4) + 17?
-2
What is the value of (2 - -1) + -23 + 47 + -19?
8
-9 - (-4 + 0 + -1)
-4
6 + -8 + 7 + -3
2
What is 5 - (-7 + 4 + -2 + 9)?
1
What is (-3 - (-2 + 2)) + 1?
-2
Evaluate (34 - 32) + (-9 - -1).
-6
What is (-2 - -7) + (12 - 22) - -10?
5
-2 + 7 - (-6 + 6)
5
What is the value of 1 - 1 - (5 - 16 - -6)?
5
Calculate 12 + 3 + -10 + -3 + -1.
1
What is -4 + -1 + -2 + 4 - -2?
-1
-8 + (0 - 0) + 13
5
Evaluate (3 - 5) + (1 + 1 - 3).
-3
What is the value of 3 + -1 + (0 - (-3 + 0))?
5
Calculate 7 + -15 - (0 + -3 + 0).
-5
(6 - 16 - -9) + 0
-1
(23 - 11 - 13) + -8
-9
Calculate 0 + -3 + (1 - -1).
-1
What is (-1 - 0) + 2 + (4 - 4)?
1
Evaluate -18 - (3 + -20 - -6).
-7
Evaluate (1 + -10 - (2 - 5)) + 2.
-4
What is the value of 3 + (-14 - -5) - -9?
3
Calculate (-10 + 0 - -18) + -4.
4
Calculate 2 + 4 - 10 - -1.
-3
What is -10 - (-5 - (4 - 0))?
-1
What is -14 + 14 + (-2 - -4 - 4)?
-2
Calculate (-7 - -5) + 0 + (-2 - 1).
-5
What is the value of -3 - ((1 - 11) + 5)?
2
What is 2 + 0 + (2 - 5)?
-1
What is (1 + 3 - 0) + 2 + 1?
7
Evaluate (19 - 19) + -4 + -1.
-5
Calculate -14 + (-4 - -10) + (3 - 2).
-7
What is (25 - 30) + (0 - 1 - -2)?
-4
Calculate -12 - -5 - (-2 - (-2 + 2)).
-5
What is the value of 8 + -7 + (0 - 4)?
-3
What is the value of (9 - (-8 + 9)) + -8?
0
(-4 - -7 - -3) + -3 + -10
-7
What is the value of 4 + (-2 - -3 - 3) + -4?
-2
What is the value of 9 + (-1 - 10) + 1?
-1
What is the value of -4 + 2 + 0 + 5?
3
What is (11 - (-9 - -16)) + 3 + -1?
6
Evaluate 3 + -2 + -4 + 6 + -6.
-3
What is -2 + (-1 + 2 - -3) + -3?
-1
Calculate (38 - 20) + -16 + (2 - -1).
5
What is -1 - ((6 - 4) + -9)?
6
What is the value of 0 + -6 + 3 - -8?
5
Evaluate -2 - ((-1 - -6) + (14 - 18)).
-3
Calculate 6 + (0 + -1 - (3 - 3)).
5
Evaluate (5 - (-7 - -7)) + -8.
-3
Calculate 2 + (8 + -9 - 6).
-5
-11 - (6 + -14) - 0
-3
What is the value of 3 - (-4 + -1 + (4 - 0))?
4
Calculate (-12 - -12) + (9 - 1).
8
Evaluate -1 + (2 - 4 - (-8 - -6)).
-1
Calculate 1 - 5 - (-5 + 6).
-5
What is the value of -3 - -10 - (0 + 0)?
7
What is the value of -3 - (-2 + -3 - (-6 - -1))?
-3
Calculate -1 + 3 + (-10 - -6 - 0).
-2
Evaluate (6 - 7) + -4 + (0 - -2).
-3
What is the value of -30 + 32 - (0 - -6)?
-4
Evaluate -1 - 0 - (3 + 3 - 2).
-5
What is 3 - (0 + 3) - 4?
-4
Evaluate -3 + 3 + -1 - -5.
4
What is (3 - (2 + -3)) + -2?
2
What is -6 + -4 + (-4 - (-6 - 3))?
-5
Evaluate (-3 - 6 - -14) + 2.
7
Calculate -3 + (-6 - -12) + -3.
0
4 + -9 + 9 + -1
3
(1 - 4) + 6 - 0
3
0 + 2 + 0 + 22 + -24
0
What is -3 - 0 - (8 - 13) - 4?
-2
Calculate (0 + -5 + 1 - -9) + -11.
-6
What is -6 - -4 - 3 - -3?
-2
-3 + -1 + -2 + 10
4
Evaluate 21 - (-7 + 33 + -13).
8
-6 + (0 - (-2 + 1))
-5
What is the value of 12 + -13 + (-9 - -17)?
7
What is 1 - 2 - -4 - -1?
4
What is (-4 - 1) + (2 - -4)?
1
Calculate 0 + -7 - (-4 - (-5 + 4)).
-4
10 - (14 - -12) - -8
-8
-25 - -22 - (-2 - 1)
0
(0 - (2 + 1)) + -1
-4
What is the value of -1 + 6 - (6 - (2 + 0))?
1
What is (-2 - 0) + (-3 - (-4 + 4))?
-5
What is the value of 4 - 4 - -4 - 5 - -2?
1
What is the value of 2 - (-6 - -3) - 9 - -1?
-3
What is (-9 - -6 - 0) + 4?
1
Evaluate -1 + (0 - (0 - 1)) + 5.
5
What is 8 - (-5 - (5 - (-2 - -13)))?
7
-1 + -1 + (-2 - -8)
4
What is the value of 0 + -3 + (-5 - -5)?
-3
-8 + -3 + -2 - -7
-6
-1 + (-2 - -4) + -7
-6
What is 10 + -10 - (5 - 1)?
-4
Evaluate (6 - 11) + -2 - (0 - 13).
6
What is (1 - (5 + -1)) + -2?
-5
What is the value of (9 + -4 - 1) + (-3 - 0)?
1
What is -1 + 2 + (1 - (12 - 3))?
-7
What is 2 + 3 + -3 + (0 - -2)?
4
Evaluate (2 - (1 + -2)) + (0 - 0).
3
What is the value of 5 + (-1 - -2 - (-11 - -20))?
-3
What is -2 - (-4 - -4) - 0 - 1?
-3
What is (0 + 5 - 2) + -4?
-1
Eval